 q = s - -5. Let c = 6 + q. What is the units digit of c?
3
Let x(p) = 17*p**2 - 4*p. What is the units digit of x(-3)?
5
Let a = -2 - -4. Suppose -67 - 3 = -a*b. What is the tens digit of b?
3
Let x be (12 - 6)*(-12)/(-9). Let g = 2 + 3. Suppose -x*k - 13 = p - 3*k, g*k - 35 = -5*p. What is the tens digit of p?
1
Suppose -2*k = -1 + 11. Let r(u) be the second derivative of -u**5/20 - 5*u**4/12 + 3*u**2 + u. What is the units digit of r(k)?
6
Let i be 4*(-3)/2 + 2. Let s(f) = -f**2. Let n(h) = h**3 + 11*h**2 + 4*h - 4. Let g(p) = -n(p) - 6*s(p). What is the units digit of g(i)?
4
Suppose 5*f - f = 24. What is the units digit of f?
6
Suppose -8*i - 79 = -583. What is the units digit of i?
3
Let g = 2 - -2. Let u(r) = -4*r**2 + 7*r + 5. Let m(l) = 5*l**2 - 7*l - 6. Let h(j) = g*u(j) + 3*m(j). What is the units digit of h(7)?
2
What is the tens digit of 21 + 6*5/15?
2
What is the tens digit of ((-2 - -4) + -3)*(-206)/2?
0
Let g(s) be the first derivative of s**3/3 + s**2 + 2*s - 5. What is the tens digit of g(-5)?
1
Let b = 4 - -1. Let v be (2/(-5))/((-1)/b). What is the units digit of 9 - 6 - v/1?
1
Let v = -119 + 243. What is the units digit of v?
4
Let t(j) = -6*j**2 + j - 1. Let v be t(1). What is the units digit of v/(-5)*(-100)/(-6)?
0
Let o(s) = s**2 + 2*s + 1. Let z be o(-1). Suppose 0 = 4*w + 4, 2*u + z*w = -w + 29. What is the tens digit of u?
1
Let h(u) = u**2 - u - 3. Let v = -4 + 7. Suppose 16 - 1 = v*l + 3*q, 0 = 5*l + 4*q - 23. What is the units digit of h(l)?
3
Let v = -43 + 83. Suppose v = 4*f - 72. What is the tens digit of f?
2
Suppose 0 = -2*b + 3 + 5. Suppose 5*g - 10 = 0, b = 4*s - 2*g - 0. What is the units digit of s?
2
Suppose 0 = -2*u + 3*t - 4*t - 4, -2*u - 8 = 2*t. Suppose 9 = f - u. Let c = 18 - f. What is the units digit of c?
9
Let z(q) = q**2 - 4*q - 3. What is the units digit of z(7)?
8
Let m(y) be the second derivative of -y**4/12 - 2*y**3/3 - y**2/2 - 3*y. What is the units digit of m(-2)?
3
Suppose 4*m - 55 = 3*m. Suppose -3*f - 10 + m = 5*c, 45 = 3*f - 5*c. What is the tens digit of f?
1
Let i = -10 - -10. Suppose -a = -i*a - 9. What is the units digit of a?
9
Let t = -4 + 19. Let n be t/10*(3 - -1). Suppose -1 = -b + n. What is the units digit of b?
7
Suppose -n + 69 = 2*n. What is the units digit of n?
3
Let r be (7/(-4))/((-6)/24). Let v = r + -2. What is the units digit of v?
5
Let g be 32/6 - (-16)/24. Let l be (3 + -24)/(g/(-8)). Let p = l - 17. What is the tens digit of p?
1
Let i = 4 + -2. What is the tens digit of i/4 + 90/4?
2
Let j(r) = -32*r - 2. Let k be j(-7). Suppose 278 = 4*y - k. What is the units digit of ((-4)/10)/((-5)/y)?
0
Suppose -3*r + 8 = -u + 23, -5*u = 4*r + 20. Suppose u = 6*a - 2*a - 128. What is the tens digit of a?
3
Suppose -45 = -t - 5*l, 2*t - l - 101 = -0*t. What is the units digit of t?
0
Let g(k) = 4*k - 4 - 2*k**2 + 3*k**2 - 6 + 2. What is the units digit of g(-6)?
4
Let d = -5 - -7. Suppose -6 + 4 = d*g - 3*n, -2*n - 12 = -4*g. What is the units digit of g?
5
Let x(r) = -r**2 + 5*r - 3. What is the units digit of x(4)?
1
Suppose 0 = r - 3. Let x = -31 + 33. Suppose -5*n + 19 = -r*h, x*h + 3*n + n - 24 = 0. What is the units digit of h?
2
Let j = 44 - 5. What is the tens digit of j?
3
Let t = 71 - -11. What is the units digit of t?
2
Suppose 0 = -5*x + 5 + 10. Suppose 0 = -2*p + x*t - 5 + 17, -4 = -2*t. What is the units digit of p?
9
Let n = 4 + 1. Suppose -4 = n*z - 14. What is the units digit of 6*z*2/6?
4
Suppose 0*q - 625 = -5*q. What is the units digit of q?
5
Suppose q = -q + 20. Suppose f + 66 = q. What is the units digit of (f/6)/((-2)/3)?
4
Let j(z) = 10*z + 0 + 6 - 2. Let q be j(3). Suppose 4*v - 2*v = q. What is the tens digit of v?
1
Let i(j) = -6*j**3 + 2*j - 5. Let a(z) = 7*z**3 - z + 4. Let u(t) = -4*a(t) - 3*i(t). Suppose 0 = -12*x + 6*x - 6. What is the tens digit of u(x)?
1
Let i = -125 + 245. What is the tens digit of i?
2
Let t be (-49 - 1)/(20/(-10)). Suppose -4*r = 5*v - 99 + t, -3*r = v - 17. What is the units digit of v?
4
Suppose 5*r = 94 + 11. Suppose 2*b = r - 5. What is the units digit of b?
8
Let g = -112 - -360. What is the hundreds digit of g?
2
Suppose -4*h - k = -3*k - 122, 0 = h + 5*k - 14. What is the units digit of h?
9
Let q(w) = w**3 + 9*w**2 - 2*w - 11. Let a be q(-9). Let g be (-48)/(-21) + (-2)/a. Let k = g - -6. What is the units digit of k?
8
Let b(k) = k**3 + 4*k**2 - 5*k. Let v be b(-5). Let i be (2 - 1 - v)*4. Let w = i + -2. What is the units digit of w?
2
Let u = 96 + 64. What is the hundreds digit of u?
1
Suppose 7*b - 2*b = -20. What is the units digit of (41/b)/((-18)/72)?
1
Suppose -5*g + 5*c + 12 + 158 = 0, -c = 4*g - 151. What is the tens digit of g?
3
Suppose 0 = -3*f - 3*c - 2*c + 65, 0 = 5*f + 2*c - 83. What is the units digit of 9/(-6)*(-230)/f?
3
What is the units digit of (-4 - -389) + (-2 - -3)?
6
Let s(j) = -j - 3. What is the units digit of s(-11)?
8
Suppose -8*t + 52 - 4 = 0. What is the units digit of t?
6
Let d(c) be the first derivative of 2*c**3/3 + 4*c + 5. What is the tens digit of d(-4)?
3
Let k(s) = -10*s**3 - 2*s**2 + s. Let c be k(1). Let f = -1 - c. What is the tens digit of f?
1
What is the tens digit of (144/(-9))/((-4)/58)?
3
Let w(a) = -a**2 + 6*a - 1. Let g be w(4). Let z(i) = 7*i - 9. What is the units digit of z(g)?
0
Suppose 4 - 1 = c. Suppose -6*t - 5*n = -5*t + 18, c = -t - 2*n. Suppose -2 = -3*b + t. What is the units digit of b?
3
Let v be (-2)/(-2)*0 - -8. Suppose 0 = 4*t + 2*m - m - 13, -v = t - 2*m. What is the units digit of t?
2
Let k(z) = 7*z - 12. What is the units digit of k(5)?
3
Let v(m) be the third derivative of 7*m**5/30 + m**4/12 + m**3/6 + 3*m**2. What is the tens digit of v(-1)?
1
Let x(m) = -m**2 + 3*m + 2. Let f be x(4). Let z be (-2 - -3) + (-10)/f. Suppose 5*u - z = 4. What is the units digit of u?
2
Let q(y) = 6*y**2 - 9*y**2 + 4*y**2. Let p be q(2). Suppose -24 = -5*l + l - p*b, -26 = -3*l - 5*b. What is the units digit of l?
2
Let f(h) = 5*h - 1. Let j be f(1). What is the tens digit of j*(-21)/(-6) - 2?
1
Let r be 1/(-4) - 51/(-12). Suppose 0 = -r*t + 4. Suppose -2*m + t = -3. What is the units digit of m?
2
What is the units digit of -3 - 1 - 754/(-13)?
4
Suppose -9*v + 186 = -3*v. What is the tens digit of v?
3
Suppose -3*s = -0*s. Let v = 5 + s. Suppose -4*b + 1 = -7, 3*w - 46 = -v*b. What is the tens digit of w?
1
Suppose w + 46 = 3*r - 0*r, 3*w + 58 = 4*r. Suppose -a = -3*i - 42 + r, 0 = 2*a + 3*i - 7. What is the units digit of a?
1
Let m be (-3)/15 - (-952)/10. Suppose 1 = -2*d + d - 3*u, 5*d - 5*u = m. What is the units digit of d?
4
Let q be (-105)/(-28) + (-2)/(-8). What is the units digit of 18 + q/(-6 + 2)?
7
Let r(w) = w - 1. Let o be r(0). Suppose n - 3 + 1 = 0. What is the units digit of o + n - (0 + 0)?
1
Suppose m + 7 = 2*x, 4*m = -2*x + 3*x + 7. Suppose -2*k = -2*d + 2*k + 28, -m*d - 4*k = -12. What is the units digit of d?
8
Suppose f = -0*f - 4. Let m(h) = h + 3. Let l be m(f). Let w = 2 + l. What is the units digit of w?
1
Suppose -2*y + 3*r + 10 = 0, 3*y = -4*r - 0*r + 15. Suppose -3*k = -y - 7. Suppose 6 = -4*b + s + 36, -k*b + 3*s + 34 = 0. What is the units digit of b?
7
Suppose -4*j + 8 = -48. Suppose 3*u - j = u. What is the units digit of u?
7
What is the tens digit of (-2)/7 + 0 - 89925/(-525)?
7
Let y = -8 + 39. Suppose -4*h - 19 = -3*a, -11 = 3*a - 5*h - y. Suppose -a*g = 5, c = -4*c - 2*g + 38. What is the units digit of c?
8
Let b(z) = z**2 + z - 2. Let a be b(-7). Suppose 3*g = 4*n + 5*g - 50, -g - a = -3*n. What is the units digit of n?
3
Suppose -308 + 760 = 4*z. What is the hundreds digit of z?
1
Let q(t) = t**3 + 4*t**2 - 6*t + 1. Let b be q(-5). Suppose 3 = 3*w - b. What is the units digit of w?
3
Let a = 1 + 1. Suppose a*n - 70 = -16. What is the units digit of 29/9 + (-6)/n?
3
Suppose -g = -1 - 1. Let b be (-5)/(-15) - (-2)/(-6). Let r = g + b. What is the units digit of r?
2
Suppose -5*d = -r - 146, -2*d - r + 28 = -d. What is the tens digit of d?
2
Suppose d + 9 = -5*t, -2*d - 2 = -5*t + 1. Let a be (t + 1 - -2) + 1. What is the units digit of (a + 0)/(3/2)?
2
Suppose 4*i = -16, 111 = 5*c + i - 5. What is the tens digit of c?
2
Let m = 44 - 109. What is the units digit of m/(-2) + 2/(-4)?
2
Let a(z) = z**2 + 5*z - 6